 u = 312 - g. What is the hundreds digit of u?
3
Suppose -16796 = 4*k + 4668. Let t = -3425 - k. What is the thousands digit of t?
1
Let f = 1465 + -850. What is the hundreds digit of f?
6
What is the thousands digit of (-585)/(-780) - ((-94347)/12 - -2)?
7
Let a be 4/8*6 + 46. Let x = a - 71. Let h = 103 - x. What is the hundreds digit of h?
1
Suppose 4*j - 5 = -133. Let y = 431 + -371. Let r = y - j. What is the tens digit of r?
9
Let b(r) = -r**3 + r**2 + r + 10. Let o be b(3). Let d be (-266)/(-10) + (-1 - 7/o). What is the tens digit of (-489)/d*-3 - 4/(-6)?
5
Suppose -2*i - 3*y = -10, 5*i + 2 - 8 = 2*y. What is the thousands digit of (-7140)/(-5 - i) + 3?
1
Let z be 0 + 0 - (23 - 25). Suppose 222 = -2*l - z*q, 5*l + 3*q = -q - 559. Let p = -33 - l. What is the tens digit of p?
8
Let z = 45594 + -25134. What is the thousands digit of z?
0
Let a(o) = 6*o**2 - 10*o - 34. Let d = 36 + -45. What is the hundreds digit of a(d)?
5
Let s(n) be the third derivative of -n**6/24 - n**4/6 - 3*n**3/2 - n**2. Suppose -15*p = -10*p - z + 5, -10 = -5*p + 4*z. What is the tens digit of s(p)?
3
Let h be -5*4 + (3 - 5). Let p be ((-9)/6)/((-9)/42)*12. Let i = p + h. What is the units digit of i?
2
Suppose -3969*g - 1232 = -3983*g. Suppose 2 - 8 = -s. What is the tens digit of g + 3/2 + (-3)/s?
8
Let w(y) = -y**3 + 6*y**2 + 11*y - 8. Let g be w(8). What is the tens digit of ((-6)/(-5))/(g/(-25320))?
3
Let r(b) = -115*b**3 - 157*b**2 - 3*b - 3. What is the tens digit of r(-4)?
5
Suppose 0 = 5*f - 3*f + 4*r - 13096, -r - 26192 = -4*f. What is the units digit of f?
8
Let i(c) = -22*c - 3. Let q = -52 + 54. Let j be i(q). Let f = 197 + j. What is the hundreds digit of f?
1
Let c(h) = 4802*h - 6140. What is the tens digit of c(17)?
9
Let x(u) = -u**2 + 2*u + 5. Let j be x(-3). Let q(a) be the first derivative of a**3/3 + a**2 + 6*a + 4. What is the tens digit of q(j)?
8
Let y(z) be the second derivative of 37*z**4/4 - z**3/6 - 7*z**2/2 - 7*z + 2. What is the tens digit of y(2)?
3
Let p(x) = 52*x**2 + 13*x + 48. What is the hundreds digit of p(-4)?
8
Suppose -5*p = -4*h - 1, -4*p = -3*h - 0*p. Let s be ((-80)/50)/(h/10)*5. Suppose -3*v - 2*y = -238 - 189, -5*y = s. What is the units digit of v?
5
Suppose 2*z - 221 = -215. Let y(r) = 56*r + 69. What is the hundreds digit of y(z)?
2
Suppose -5*m - 20 = 0, -4*u + 8*m + 231836 = 10*m. What is the tens digit of u?
6
What is the hundreds digit of (-5 - 282966/24)*(-12 - -8)?
1
Let w = -494 + 4350. What is the thousands digit of w?
3
Suppose -21*a - 14251 = -24*a - 2*p, -2*a + 2*p = -9514. What is the tens digit of a?
5
Suppose -12*l = 2*l - 210. Suppose 0 = 13*o - l*o, -5*p + o + 1640 = 0. What is the hundreds digit of p?
3
Let d = -49788 + 71740. What is the hundreds digit of d?
9
Suppose 2*y - 2 = -2*m, -4*y + 2*m - 2 = -0. Suppose -t + 857 + 286 = y. What is the tens digit of t?
4
Let f(d) = 54*d**2 - 67*d + 81. Let v(x) = 27*x**2 - 34*x + 40. Let g(h) = -3*f(h) + 7*v(h). What is the tens digit of g(8)?
6
Let s(n) be the first derivative of 37/3*n**3 - 3*n**2 + 7 + 9*n. What is the tens digit of s(2)?
4
Suppose -6*p - 2158 = -8314. Suppose -p*w = -1021*w - 7170. What is the tens digit of w?
3
Suppose 2*n + 30 = 4*a + 7*n, -4*n - 7 = -3*a. Suppose -a*o + 4977 = 837. What is the hundreds digit of o?
8
Let k(s) = -s**2 - s + 7. Let g be k(9). Suppose 0 = -4*u + b + 903, -18*b - 457 = -2*u - 23*b. Let v = u + g. What is the hundreds digit of v?
1
Suppose 2*f = -f + 18. Suppose -f + 2 = 2*n. Let z(b) = -19*b**3 + b - 4. What is the tens digit of z(n)?
4
Let i be -3 - (-5 - -1) - (1 + -2). Suppose 1012 = 5*j - 2*w, -i*j = 4*w - 9*w - 388. What is the hundreds digit of j?
2
Let d = -122 + 115. What is the tens digit of (63 + d)*15/12?
7
Suppose 3*i = 9 - 3. Suppose -i*h - 5*p = -p - 4, 5*h + 4*p - 10 = 0. Suppose h*x = 36 + 138. What is the units digit of x?
7
Let u = 10159 + -3351. What is the tens digit of u?
0
Suppose -19 = -5*i + 4*c, -6*i + c = -4*i - 7. Suppose -2*p + 3 = -i. What is the tens digit of (-2 - -5)*79/p?
7
Let r(p) = -p**2 - 16*p + 40. Let y be r(-18). Suppose -4*c = 4*m - 1160, 0 = -9*c + y*c + 5*m + 1490. What is the units digit of c?
4
Suppose -h + 278 = -3*x, h + 3 = 8. Let y(z) = 11*z + 19. Let b be y(-6). Let s = b - x. What is the units digit of s?
4
Let o(p) = 359*p + 270. Let y be o(10). Suppose -15*m = -y - 2050. What is the tens digit of m?
9
Suppose 19*q - 6*q = 52. Suppose 2*a = q*m - m + 890, -4*a - 5*m + 1802 = 0. What is the tens digit of a?
4
Let i be (2100/8)/(-21)*4/(-10). Let c(t) = 279*t - 283. What is the tens digit of c(i)?
1
Let p(y) = -12*y - 10*y + 8*y**2 - 3*y - 9*y**2 - 16. Let g be p(-8). Suppose 0 = -4*v + v + g. What is the tens digit of v?
4
Let d = 5395 + -1639. What is the tens digit of d?
5
Suppose 0 = -4*w + 3*h - 6*h + 24, w = 3*h - 9. Suppose 0 = w*b + 3*p - 9, 5*b - 3*p = p + 15. What is the units digit of (5 - -6)/(1/b)?
3
Suppose -8*z = 4*k - 3*z + 640, -5*k + 4*z = 841. Let h = 1187 - k. What is the hundreds digit of h?
3
Suppose 0 = t + 19 - 28. Let i(d) = 18 + 1 - 2*d - 9 + t*d + 22*d**2 - 3*d**3. What is the units digit of i(7)?
8
Let f(y) = y**3 - 8*y**2 - y + 7. Let q = 63 - 55. Let x be f(q). Let h(s) = -108*s - 6. What is the hundreds digit of h(x)?
1
Let t be 4/10 - (-252)/70. Suppose t = -r + 9. Suppose -r*z + 3*z = -20. What is the units digit of z?
0
Let i be -4449*(-4)/(-12)*-1. Suppose -15*h + 932 + i = 0. What is the hundreds digit of h?
1
Let x(z) = 43*z**2 + 58*z - 255. What is the hundreds digit of x(14)?
9
Let h be -52*1 - (-5 - -2) - 3. Let u be 3*8/(-156) - (-1916)/h. What is the tens digit of (3 - -1 - 2)*u/(-2)?
3
Suppose -5*d - 3*z = 2818, -3*z + 14 - 2 = 0. Let k = d + 825. What is the hundreds digit of k?
2
Suppose -7*c + 57840 = 16260. What is the thousands digit of c?
5
Let i be 1/1 + (-1 - -7 - 13). Let m = -1 - i. Suppose 0 = 8*o - m*o - 135. What is the tens digit of o?
4
Let x(u) = 31*u + 2307. What is the hundreds digit of x(-68)?
1
Let m = -7 - -57. Let j = m + -38. Suppose j*s - 48 = 11*s. What is the tens digit of s?
4
Let y = 219 - 223. What is the hundreds digit of 1512/4 + (-3 - 16/y)?
3
Let j(n) = -14*n + 80. Let u be j(9). Let t be 3/2*7*14. Let a = u + t. What is the tens digit of a?
0
Suppose -4*x - 2*x + 6 = 0. Let l(b) = 92*b**2 - 3*b + 1. Let n be l(x). Let g = n - 46. What is the units digit of g?
4
Suppose -2*h - h = 9, 4*h + 11 = -w. Let a be w + -1 - 1*(-7 - 992). Suppose 3*x + v - 5*v - 593 = 0, 5*x = 4*v + a. What is the tens digit of x?
0
Let z be (-74)/12 + (75/18 - 4). Let j(c) = 4*c**2 - 4*c - 3. What is the units digit of j(z)?
5
Suppose 0 = -10*x - 3*s + 125555, -5*s - 19595 = -2*x + 5488. What is the thousands digit of x?
2
What is the tens digit of (2/3)/((-190)/228) - 136062/(-15)?
7
What is the thousands digit of 618*(-228)/(-40) + (-8 - 294/(-35))?
3
Let l = 2127 - 505. Suppose 3*d + 437 = l. What is the units digit of d?
5
What is the hundreds digit of (419/(-1257))/(2/(-199128))?
1
Suppose -u + 59 = -4*n, -2*n - 3*u - 31 - 2 = 0. Let c(p) = -40*p - 192. What is the hundreds digit of c(n)?
4
Let v be ((-5704)/155)/(2/5). Suppose 0*i = i + 190. Let x = v - i. What is the units digit of x?
8
Let a(w) = 1050*w**3 + w**2 + w - 1. Let p = 255 + -254. What is the tens digit of a(p)?
5
Suppose 0 = -2*c + 2*z + 18, 4*c = 5*z - 16 + 56. Suppose 6 = -q - c. Let p(y) = -y**3 - 10*y**2 - y + 4. What is the tens digit of p(q)?
3
Let c be (4/(-10))/(3/(-45)). Let x be (-6 - -2)*c/(-4). What is the tens digit of -5*x*(-6)/4?
4
What is the tens digit of (-1 + 6/4)/((-4040048)/192384 - -21)?
1
Suppose -d - 4 = -6. Suppose -11 = d*y - 11. Suppose -5*f - z + 475 = -y*f, -2*f + 187 = z. What is the tens digit of f?
9
Let v be 3/2*(-290)/(-87). Suppose -f + 120 = -v*g + 451, -g + f + 63 = 0. What is the tens digit of g?
6
Let p be (20/3 - 7)*1*-18. Suppose -2*g + 8*h - p*h + 3202 = 0, -3*g + 2*h + 4805 = 0. Suppose -g = 9*v - 16*v. What is the tens digit of v?
2
Suppose -15*f = -61 - 14. What is the tens digit of (509 - -3)/(f/(3 + 2))?
1
What is the hundreds digit of 7 - -3 - -3766 - 13?
7
Let f(y) be the second derivative of -5*y**3/6 + 50*y**2 + 29*y. What is the units digit of f(9)?
5
Let a(y) = y**3 - 4*y**2 - 29